 when u(-18) is divided by s(-4)?
5
Suppose -7*b + 3*b + 28 = 0. Let i = b - 2. Calculate the remainder when 8 is divided by i.
3
Suppose 0 = 5*f + 5, 5*d = 4*f - 5*f + 169. Suppose 0 = -0*k + k. Suppose 4*u = -3*i - k*i + 40, 5*i = -5*u + 65. What is the remainder when d is divided by i?
10
Suppose -i = -0*i - 2. Suppose -5*o + 4 = -h, 3*o = 2*h - i*o - 2. What is the remainder when h is divided by 4?
2
Let n(d) = 3*d + 1. Suppose 0*m + 4*t = -4*m + 32, 3*m - 5*t = 8. Calculate the remainder when n(5) is divided by m.
4
Let g(w) = -11*w - 8. Let v(s) = -1. Let o(u) = g(u) - 6*v(u). What is the remainder when o(-3) is divided by 11?
9
Let l(d) = -d**2 + 2*d + 1. Let s be l(3). Let h be -7*(s + 1 + 2). Let c(m) = m + 9. Calculate the remainder when c(h) is divided by 1.
0
Let p(i) = 2*i**2 - 4*i + 3. Let y be p(3). Let a be 400/18 - 2/y. What is the remainder when (-4)/a + (-5173)/(-77) is divided by 23?
21
What is the remainder when (0 - 3) + (7 + 59)*1 is divided by 17?
12
Suppose 2*r = 33 - 19. Calculate the remainder when 20 is divided by r.
6
Let h(y) = -10*y + 1. Calculate the remainder when h(-10) is divided by 26.
23
Let c = -17 + 29. Let k(p) = 40*p + 5. What is the remainder when k(1) is divided by c?
9
Suppose 66 = 2*q - 22. Let m = q - 22. What is the remainder when m is divided by 12?
10
Suppose 0 = -2*r + 3*q + 148, 2*r + q - 5*q = 146. Calculate the remainder when r is divided by 40.
37
Let c(g) = g**3 - 7*g**2 + g - 3. Let j be c(7). Suppose -j*u - z + 29 = -23, 5*u - 2*z = 65. What is the remainder when 49 is divided by u?
10
Suppose 5*l = 2*l - 12. Let u = l + 7. Suppose -8*v + 75 = -u*v. Calculate the remainder when 43 is divided by v.
13
Let a = -4 - -7. Let g(i) = 12*i**2 - 16*i**2 + a*i - 3*i**3 + 4*i**3 - 3. Calculate the remainder when g(4) is divided by 4.
1
Let m = -2 + 1. Suppose -l = l - 50. Calculate the remainder when 99/2 - m/(-2) is divided by l.
24
Suppose -9*c - 24 = -13*c. Calculate the remainder when 35 is divided by c.
5
Let u = 22 - 5. Suppose 3*p - 4 = 59. Let v = 12 + p. Calculate the remainder when v is divided by u.
16
Let o be (1 + -3)/(1 + -2). Suppose -o*f = f. Suppose 4*a - 20 - 108 = f. What is the remainder when a is divided by 11?
10
Suppose -5*k + 3*p = 2*p - 21, 3*k + 4*p = 8. Let l be 7/k*(-12)/(-1). Let g = -8 + l. What is the remainder when 50 is divided by g?
11
Let b be 6/(-27) + (-357)/(-27). Suppose -3*w - b = -5*u, -5*w = -u + 4*u - 1. What is the remainder when 4 is divided by u?
0
Suppose 39 = 2*l - r + 7, -5*r = -l + 7. Let g = -4 - -8. What is the remainder when 33 - 2/(g - 2) is divided by l?
15
Let v(j) = -j + 12. Let k(s) = -2*s + 24. Let d(i) = 6*k(i) - 11*v(i). Let o be d(0). Suppose -o - 48 = -4*y. What is the remainder when y is divided by 8?
7
Let q = -1 + -1. Suppose 0 = -5*g + 19 + 211. What is the remainder when g is divided by (q - 38/(-2)) + -1?
14
Suppose 0 = 2*y - 7*y - 20. Let m = 6 + y. Calculate the remainder when 6 is divided by m.
0
Let s(v) be the second derivative of -v**3/6 + 3*v**2 - v. Calculate the remainder when s(-6) is divided by 7.
5
Suppose -15 = -4*p + 5*t - 51, -5*t = 4*p - 4. What is the remainder when -1*(p/(-2) - 39) is divided by 10?
7
Let r be 2/(-3) - (-1250)/(-15). Calculate the remainder when 55 is divided by (18/(-54))/(2/r).
13
Let a(x) = x**3 - x**2 - 5*x + 6. What is the remainder when a(4) is divided by 19?
15
Suppose 3*j + 7 = 2*o, 5*o = 3*j - 4 + 26. Suppose -o*b = -7*b + 72. Calculate the remainder when b is divided by 13.
10
Let i = -21 - -31. What is the remainder when (3/(-4))/((-1)/24) is divided by i?
8
Suppose 0 = 4*b - 4*o - 16, b = -2*o + 11 - 1. Suppose -2 = z - b. Suppose -2*a - 2*a + 8 = 0. Calculate the remainder when z is divided by a.
0
Suppose -5*p + 0*p = -80. What is the remainder when (30/(-4))/((-5)/20) is divided by p?
14
Let u = -8 - -5. Let k = u + -4. What is the remainder when 8 is divided by (-33)/k + (-2)/(-7)?
3
Let a(m) = -m + 28. Calculate the remainder when 52 is divided by a(0).
24
Let b = -42 - -79. What is the remainder when b is divided by 8?
5
Let c = 4 - 11. Let a(x) = -x - 3. Let g be a(c). Suppose 0 = -t + 5, 5*l - t = g*t + 205. Calculate the remainder when l is divided by 12.
10
Let m(a) = 20*a**2 - 9*a - 26. Let z(t) = 7*t**2 - 3*t - 9. Let h(i) = -6*m(i) + 17*z(i). Calculate the remainder when h(3) is divided by ((-8)/10)/((-6)/15).
1
What is the remainder when 2/(-3) + 87/9 is divided by 4?
1
Let m(x) = x - 6. Let h be m(10). Suppose 10 + 4 = q - h*s, 3*q - 42 = -2*s. What is the remainder when 2/2*27*1 is divided by q?
13
Suppose -5*i - 42 + 3 = -w, -i = -2*w + 60. What is the remainder when (-27 + -1)*4/(1 + -3) is divided by w?
27
What is the remainder when 132 is divided by (-1)/(-4) - (131/(-4) - -6)?
24
Suppose 5*m - 45 = -5*f + f, 0 = -3*f + 2*m + 5. Suppose -30 - 15 = -f*w. What is the remainder when 26 is divided by w?
8
Let v(p) = -p**2 + 3*p + 5. Let n be v(4). What is the remainder when 43 is divided by (n/3)/(2/66)?
10
Let d(w) be the first derivative of 7*w**4/4 - 4*w**3/3 + 3*w**2/2 - 2*w + 5. What is the remainder when d(2) is divided by 15?
14
Let y = 13 - -4. What is the remainder when y is divided by 7?
3
Let k(i) = -i**3 - 8*i**2 + 6*i - 22. Let h be k(-9). Suppose 45 = 4*u - 5*b, -h*b - 28 - 2 = -3*u. Calculate the remainder when 59 is divided by u.
14
Let z = 85 - 60. Suppose -x - z = -6*x. Let n(d) = -3*d + 2. What is the remainder when n(-2) is divided by x?
3
Suppose -4*p - 3 = -5*p. Suppose -y + 3*z + 4 = 5*z, 2*y - 1 = p*z. Let q(f) = 5*f - 1. Calculate the remainder when q(1) is divided by y.
0
Suppose 4*v = 5*r + 19, -2*r + 17 + 9 = 4*v. What is the remainder when 20 is divided by v?
2
Let c = 45 - 26. Suppose -c + 4 = -3*n. Calculate the remainder when 18 is divided by n.
3
Suppose 3 + 5 = 4*h. Let v = 11 - h. Calculate the remainder when (2 - 2/7)*14 is divided by v.
6
Let a = 3 - 3. Suppose a = -k - 3*k + 44. Suppose 2*i + 2*i - 24 = 0. Calculate the remainder when k is divided by i.
5
Suppose -141 = -4*g - a - 28, -4*g = -3*a - 109. Let f = g + -4. Suppose 0*r + 7*r - 329 = 0. Calculate the remainder when r is divided by f.
23
Let f(x) = -x + 2. Let o be f(-5). Suppose -4*v = 3*y - 31, 0 = -v + 4*v - y - o. What is the remainder when 6 is divided by v?
2
Suppose 2*r - 4*m - 12 = -2*m, 2*r + 4*m - 36 = 0. What is the remainder when r is divided by 3?
1
Let j(c) = c**3 - 5*c**2 + 1 + 4*c - 7 + 1. Suppose -2*b + 20 = 2*b. Calculate the remainder when 44 is divided by j(b).
14
Suppose 0 = 9*f + 11 - 47. What is the remainder when f is divided by 1?
0
Suppose 8*r = 3*r + 95. Suppose 5*f = 4*y - 124, 179 = 4*y + 4*f + 19. Calculate the remainder when y is divided by r.
17
Suppose -4*v - 576 = -16*v. Let q(p) = 17*p**2 - p + 1. Calculate the remainder when v is divided by q(1).
14
Let g(w) = -w - 4. Let i be g(0). Let h(r) = r**2 + r + 2. Calculate the remainder when h(i) is divided by 5.
4
Let f = 229 + -77. Suppose 0 = 5*u + 57 - f. Calculate the remainder when u is divided by 10.
9
What is the remainder when 16 is divided by (39/(-52))/((-1)/8)?
4
Let n be (4/(-6))/(1/(-45)). Suppose -9 = -4*k - 1. Suppose -x + 0*x + 5*a = 7, k*x + a = n. What is the remainder when 37 is divided by x?
11
Let l = -133 + 135. Suppose -5 = -0*k - 5*k. Calculate the remainder when l is divided by k.
0
Suppose 2*h - 39 - 3 = 0. Let a be 112/18 + (-10)/45. What is the remainder when h is divided by (-32)/a*9/(-4)?
9
Suppose v + 5*c + 55 = 0, v + v + 4*c = -80. Calculate the remainder when (v - 0)/(3/(-2)) is divided by (7*1)/((-4)/(-4)).
6
Let k(y) = y**3 - 11*y**2 + 3. Let m be k(11). Suppose m*o + 33 = 3*f, -f + 17 = -o + 2*o. What is the remainder when 41 is divided by f?
13
What is the remainder when 84 is divided by (27/(-2))/(15/(-20))?
12
Suppose -4*y + 20 = s - 7*y, 9 = -3*y. Suppose -x + t = 11, 0 = -4*t + t + 15. What is the remainder when (21/x)/((-2)/24) is divided by s?
9
Suppose -2*p - 32 = -2*n, -n + 6*n + 5*p = 100. What is the remainder when (-5)/20 + 410/8 is divided by n?
15
Let l(m) = -m**3 - 19*m**2 - 18*m + 4. Calculate the remainder when l(-18) is divided by 4.
0
Suppose 0 = g - 2 - 1. Suppose g*m - 260 = -5*j, -5*j + m + 220 = -4*m. Suppose -9 + j = 5*n. Cal